 7?
-141161
Convert -19263 (base 12) to base 7.
-211566
Convert -3b8 (base 13) to base 9.
-811
Convert -390 (base 15) to base 2.
-1100101010
Convert 33b6 (base 13) to base 6.
53315
What is 20101202 (base 3) in base 9?
6352
135 (base 13) to base 12
159
Convert -45 (base 11) to base 12.
-41
Convert 21107 (base 8) to base 2.
10001001000111
-1100111011010101 (base 2) to base 4
-30323111
Convert -24275 (base 9) to base 3.
-211022112
What is 2e2 (base 16) in base 3?
1000100
What is -1113 (base 4) in base 10?
-87
-2014 (base 6) to base 7
-1201
Convert 146 (base 15) to base 12.
203
-ab46 (base 16) to base 8
-125506
Convert 38284 (base 10) to base 12.
1a1a4
ea (base 15) to base 12
164
What is -6500 (base 9) in base 10?
-4779
Convert -8c9d (base 15) to base 13.
-10780
What is -111001101100101 (base 2) in base 14?
-aaa1
What is -424 (base 7) in base 6?
-554
What is -4537 (base 13) in base 3?
-111021111
-1123232 (base 4) to base 12
-3492
What is 14bb (base 13) in base 3?
11011010
1828 (base 14) to base 3
12222001
Convert 3204311 (base 5) to base 11.
37394
4251 (base 8) to base 3
10001010
420120 (base 5) to base 6
143453
Convert -1b39 (base 16) to base 8.
-15471
-1000434 (base 5) to base 13
-7221
What is 845 (base 13) in base 11?
1071
What is 840 (base 14) in base 15?
734
Convert -2312 (base 4) to base 14.
-d0
What is -7651 (base 12) in base 3?
-122212021
Convert -573 (base 13) to base 12.
-663
Convert 1088 (base 9) to base 8.
1451
Convert 3021 (base 4) to base 15.
d6
What is 21125 (base 6) in base 8?
5455
Convert -2101202122 (base 3) to base 5.
-3002323
-490a (base 16) to base 6
-222322
-325 (base 12) to base 16
-1cd
Convert -50354 (base 7) to base 16.
-2f9f
1a7 (base 15) to base 5
3012
What is -24142 (base 5) in base 10?
-1797
What is 1111101001001 (base 2) in base 13?
3851
Convert -1793 (base 10) to base 4.
-130001
217 (base 8) to base 5
1033
Convert 217a (base 14) to base 2.
1011010100000
45333 (base 7) to base 16
2ce2
What is -34311 (base 5) in base 10?
-2456
What is e13 (base 16) in base 11?
2786
44004 (base 5) to base 8
5674
Convert 465 (base 16) to base 5.
14000
What is 388 (base 10) in base 14?
1da
What is -252 (base 11) in base 12?
-20b
What is 426 (base 7) in base 9?
260
What is 2223100 (base 4) in base 2?
10101011010000
Convert -ce (base 15) to base 4.
-3002
1171 (base 9) to base 2
1101101010
-2c805 (base 13) to base 10
-84843
What is 2d69 (base 14) in base 5?
230004
Convert -124121 (base 5) to base 3.
-20201220
Convert -ac04 (base 15) to base 14.
-d3dc
Convert 11772 (base 15) to base 2.
1101100110000010
What is 1151012 (base 6) in base 16?
eed0
1330111 (base 4) to base 10
7957
What is 2b5a (base 15) in base 16?
245e
Convert 254 (base 10) to base 2.
11111110
Convert 2362 (base 7) to base 6.
4021
Convert -221 (base 12) to base 14.
-185
Convert -3213003 (base 4) to base 5.
-433122
-11011111001101 (base 2) to base 8
-33715
-1001001010100 (base 2) to base 13
-219c
Convert a3a (base 16) to base 13.
1265
What is 2112000 (base 3) in base 6?
12300
-7a7 (base 15) to base 6
-12004
Convert -1234 (base 9) to base 8.
-1632
Convert -108 (base 10) to base 2.
-1101100
What is -11101202 (base 3) in base 13?
-15c8
Convert 7e72 (base 16) to base 9.
48356
-1408 (base 9) to base 5
-13221
Convert 134047 (base 8) to base 12.
23347
What is 2a194 (base 11) in base 9?
64653
What is -10534 (base 11) in base 5?
-442113
24325 (base 6) to base 11
2766
Convert 204546 (base 7) to base 9.
53333
Convert 1e2 (base 15) to base 5.
3222
7466 (base 9) to base 3
21112020
5b (base 16) to base 15
61
Convert -67 (base 15) to base 5.
-342
What is -202144 (base 6) in base 4?
-3322300
-3303 (base 7) to base 16
-49b
-2242 (base 15) to base 2
-1110001011110
What is -1ba1 (base 16) in base 10?
-7073
What is -313232 (base 4) in base 7?
-13253
Convert -21203 (base 4) to base 15.
-2ab
6c4 (base 15) to base 14
7b8
16524 (base 11) to base 10
23258
-45 (base 16) to base 14
-4d
-54003 (base 7) to base 14
-4c3a
a953 (base 12) to base 15
57c9
Convert -56 (base 12) to base 3.
-2110
Convert -3217 (base 13) to base 3.
-100112101
What is -3a8 (base 11) in base 2?
-111100001
Convert 113 (base 4) to base 3.
212
-123140 (base 5) to base 10
-4795
Convert 10101111 (base 3) to base 8.
4646
What is 2b48 (base 13) in base 10?
6313
What is 34 (base 9) in base 12?
27
1b84 (base 13) to base 9
5636
Convert 1006 (base 9) to base 15.
340
10413 (base 8) to base 6
32111
63243 (base 7) to base 8
36314
1020111 (base 3) to base 14
488
What is -547 (base 10) in base 7?
-1411
Convert 9b6 (base 12) to base 4.
112122
What is 552 (base 10) in base 12?
3a0
What is -95b3 (base 16) in base 6?
-453231
What is a726 (base 11) in base 3?
201110101
Convert 122340 (base 6) to base 15.
338c
Convert 100011101 (base 2) to base 6.
1153
What is 3443 (base 11) in base 5?
121044
-10001001002 (base 3) to base 16
-e99f
33855 (base 10) to base 6
420423
-2338 (base 12) to base 14
-160c
Convert -6621 (base 8) to base 2.
-110110010001
Convert 1566 (base 9) to base 7.
3324
What is 7149 (base 14) in base 11?
1369a
49893 (base 10) to base 4
30023211
Convert 10c3 (base 13) to base 9.
3207
What is -22655 (base 7) in base 12?
-3452
-1033 (base 5) to base 13
-b0
What is 10200120 (base 3) in base 16?
a80
What is 256 (base 8) in base 5?
1144
Convert 13420 (base 8) to base 14.
221a
-a12 (base 14) to base 10
-1976
Convert 100110020 (base 3) to base 14.
2723
18638 (base 12) to base 4
20222030
What is 1122 (base 6) in base 10?
266
Convert 6312 (base 7) to base 8.
4246
What is 17212 (base 8) in base 10?
7818
Convert -3927 (base 16) to base 9.
-22056
What is -3c3 (base 13) in base 3?
-220200
332211 (base 5) to base 13
534c
-5a8 (base 16) to base 13
-875
2da (base 14) to base 7
1463
Convert 8367 (base 10) to base 14.
3099
Convert -6826 (base 12) to base 4.
-2310132
343112 (base 5) to base 12
7136
Convert 35312 (base 9) to base 11.
16799
11101110010101 (base 2) to base 14
57b7
-274 (base 15) to base 6
-2331
Convert 1125 (base 6) to base 16.
10d
35166 (base 9) to base 14
87a5
What is -107a (base 12) in base 6?
-12234
-11604 (base 8) to base 7
-20365
465 (base 11) to base 15
270
What is 133330 (base 4) in base 14?
a60
-7ac4 (base 13) to base 2
-100001101001101
What is 1093 (base 12) in base 13?
ab6
-101111010110 (base 2) to base 3
-11011020
What is -12210200 (base 3) in base 5?
-113410
What is -230a7 (base 13) in base 10?
-63850
-419 (base 16) to base 10
-1049
Convert -aa66 (base 14) to base 5.
-1420430
-2321 (base 5) to base 6
-1320
Convert 43 (base 8) to base 3.
1022
1358 (base 9) to base 11
852
Convert 211211121 (base 3) to base 9.
24747
300 (base 4) to base 13
39
What is -4035 (base 13) in base 15?
-293c
What is -140a (base 13) in base 15?
-cc3
3b5 (base 12) to base 2
1000111001
Convert -41114 (base 5) to base 7.
-10516
What is 310 (base 7) in base 9?
181
What is 41129 (base 10) in base 6?
514225
What is -10020 (base 4) in base 3?
-100210
12055 (base 12) to base 5
1234012
1140 (base 6) to base 12
1b0
What is -948 (base 10) in base 15?
-433
Convert -517 (base 13) to base 12.
-601
-2555 (base 6) to base 11
-539
What is -1214234 (base 5) in base 16?
-5a1d
159c (base 15) to base 5
122042
8e (base 16) to base 6
354
What is -a23 (base 14) in base 12?
-119b
113231 (base 4) to base 7
4265
100516 (base 7) to base 9
25361
-50325 (base 6) to base 10
-6605
Convert 10042 (base 5) to base 2.
1010000111
-1330144 (base 5) to base 8
-64454
What is 16910 (base 10) in base 13?
790a
Convert 43223 (base 5) to base 9.
4024
-10aa0 (base 11) to base 5
-1002321
1761 (base 8) to base 10
1009
Convert 208 (base 12) to base 6.
1212
Convert -4206 (base 7) to base 12.
-a30
196a (base 13) to base 5
110211
-1184 (base 9) to base 5
-12021
Convert -38440 (base 9) to base 6.
-315443
Convert -238 (base 12) to base 11.
-282
What is 5125 (base 9) in base 4?
322211
909 (base 16) to base 13
108c
3331103 (base 4) to base 6
203015
What is 310402 (base 6) in base 10?
24770
-2154 (base 10) to base 2
-100001101010
-682 (base 11) to base 10
-816
-b99 (base 13) to base 4
-133001
Convert 1850 (base 12) to base 8.
5574
-1121122111 (base 3) to base 9
-47574
-356 (base 10) to base 12
-258
What is 1101010010 (base 2) in base 7?
2323
-38b7 (base 16) to base 5
-431034
What is 6205 (base 10) in base 6?
44421
Conver